?
3, 5, 107
What are the prime factors of 1146629?
11, 104239
List the prime factors of 3406970.
2, 5, 7, 17, 409
What are the prime factors of 11041296?
2, 3, 7, 17, 1933
What are the prime factors of 31875938?
2, 2711, 5879
What are the prime factors of 2886342?
2, 3, 463, 1039
List the prime factors of 745114.
2, 379, 983
List the prime factors of 174978.
2, 3, 9721
List the prime factors of 30029556.
2, 3, 2502463
What are the prime factors of 14998497?
3, 41, 61, 1999
What are the prime factors of 29974?
2, 7, 2141
What are the prime factors of 7722597?
3, 73, 179, 197
What are the prime factors of 30897459?
3, 3433051
What are the prime factors of 3043959?
3, 103, 9851
List the prime factors of 299230.
2, 5, 23, 1301
List the prime factors of 8327010.
2, 3, 5, 277567
What are the prime factors of 6131160?
2, 3, 5, 7, 811
List the prime factors of 3173398.
2, 1586699
What are the prime factors of 570054?
2, 3, 95009
List the prime factors of 2709067.
467, 5801
List the prime factors of 11305045.
5, 2261009
List the prime factors of 746163.
3, 11, 7537
What are the prime factors of 12922379?
419, 30841
List the prime factors of 24137.
24137
List the prime factors of 1899377.
1899377
What are the prime factors of 344661?
3, 131, 877
What are the prime factors of 2000414?
2, 13, 47, 1637
List the prime factors of 789859.
7, 53, 2129
What are the prime factors of 807206?
2, 403603
List the prime factors of 52694.
2, 26347
List the prime factors of 24520217.
1733, 14149
List the prime factors of 14077660.
2, 5, 703883
What are the prime factors of 205029?
3, 11, 19, 109
List the prime factors of 160203.
3, 53401
List the prime factors of 2161453.
7, 71, 4349
List the prime factors of 7742379.
3, 109, 23677
List the prime factors of 1197114.
2, 3, 19, 10501
What are the prime factors of 964749?
3, 353, 911
List the prime factors of 14078829.
3, 19, 23, 10739
What are the prime factors of 4872849?
3, 23, 70621
List the prime factors of 114782.
2, 29, 1979
What are the prime factors of 159136?
2, 4973
List the prime factors of 1477742.
2, 7, 17, 887
List the prime factors of 9878845.
5, 23, 85903
List the prime factors of 6531889.
7, 13, 179, 401
What are the prime factors of 436128?
2, 3, 7, 11, 59
What are the prime factors of 298914?
2, 3, 7, 11, 647
What are the prime factors of 267754?
2, 133877
List the prime factors of 4829784.
2, 3, 53, 3797
What are the prime factors of 5632003?
13, 29, 14939
List the prime factors of 1136186.
2, 61, 67, 139
What are the prime factors of 170731?
11, 17, 83
List the prime factors of 1169593.
1169593
What are the prime factors of 531853?
7, 75979
List the prime factors of 2919063.
3, 7, 229, 607
List the prime factors of 214022.
2, 113, 947
What are the prime factors of 244886?
2, 122443
List the prime factors of 11569.
23, 503
List the prime factors of 61815.
3, 5, 13, 317
List the prime factors of 566974.
2, 283487
What are the prime factors of 6352335?
3, 5, 11, 41, 313
What are the prime factors of 9781569?
3, 7, 139, 1117
List the prime factors of 59467.
59467
What are the prime factors of 3481189?
29, 120041
What are the prime factors of 21009792?
2, 3, 54713
List the prime factors of 1175519.
73, 16103
List the prime factors of 175597.
89, 1973
What are the prime factors of 405187?
37, 47, 233
List the prime factors of 242652.
2, 3, 73, 277
What are the prime factors of 954647?
479, 1993
List the prime factors of 14345720.
2, 5, 29, 83, 149
List the prime factors of 4684036.
2, 7, 131, 1277
What are the prime factors of 1147909?
7, 163987
List the prime factors of 16011127.
11, 17, 85621
List the prime factors of 4495649.
23, 71, 2753
List the prime factors of 67989.
3, 131, 173
What are the prime factors of 7414137?
3, 107, 7699
List the prime factors of 192937.
29, 6653
What are the prime factors of 131481?
3, 7, 2087
What are the prime factors of 3157776?
2, 3, 21929
List the prime factors of 596460.
2, 3, 5, 9941
List the prime factors of 46012.
2, 11503
List the prime factors of 24871341.
3, 11, 753677
List the prime factors of 393983.
487, 809
List the prime factors of 594515.
5, 118903
What are the prime factors of 22175?
5, 887
What are the prime factors of 2933273?
7, 179, 2341
What are the prime factors of 24629?
11, 2239
What are the prime factors of 1263671?
19, 66509
List the prime factors of 1368.
2, 3, 19
What are the prime factors of 2882798?
2, 317, 4547
List the prime factors of 501690.
2, 3, 5, 7, 2389
List the prime factors of 1147587.
3, 7, 54647
List the prime factors of 983919.
3, 157, 2089
List the prime factors of 865050.
2, 3, 5, 73, 79
List the prime factors of 22748518.
2, 13, 23, 109, 349
What are the prime factors of 1273987?
11, 13, 59, 151
What are the prime factors of 848406?
2, 3, 13, 73, 149
List the prime factors of 47319.
3, 15773
What are the prime factors of 939143?
113, 8311
List the prime factors of 626923.
11, 56993
What are the prime factors of 5390766?
2, 3, 99829
What are the prime factors of 437936?
2, 101, 271
What are the prime factors of 34122119?
19, 59, 61, 499
List the prime factors of 26354401.
26354401
List the prime factors of 145151.
37, 3923
List the prime factors of 24847906.
2, 1889, 6577
List the prime factors of 1443332.
2, 11, 32803
List the prime factors of 3839923.
3839923
List the prime factors of 222742.
2, 13, 659
List the prime factors of 73163.
23, 3181
What are the prime factors of 3223924?
2, 11, 6661
What are the prime factors of 1083808?
2, 11, 3079
List the prime factors of 100620.
2, 3, 5, 13, 43
What are the prime factors of 171020?
2, 5, 17, 503
List the prime factors of 6218.
2, 3109
What are the prime factors of 85738?
2, 163, 263
List the prime factors of 27240.
2, 3, 5, 227
What are the prime factors of 4058817?
3, 7, 27611
List the prime factors of 780933.
3, 163, 1597
What are the prime factors of 1392313?
13, 107101
List the prime factors of 100580.
2, 5, 47, 107
List the prime factors of 694189.
694189
What are the prime factors of 320988?
2, 3, 23, 1163
List the prime factors of 141444.
2, 3, 3929
List the prime factors of 194648.
2, 29, 839
List the prime factors of 372528.
2, 3, 13, 199
List the prime factors of 2102606.
2, 11, 31, 3083
List the prime factors of 6560336.
2, 23, 17827
What are the prime factors of 10680?
2, 3, 5, 89
List the prime factors of 1015143.
3, 523, 647
What are the prime factors of 7433999?
7433999
What are the prime factors of 6683205?
3, 5, 41, 10867
List the prime factors of 297504.
2, 3, 1033
List the prime factors of 494213.
494213
What are the prime factors of 1435395?
3, 5, 13, 17, 433
List the prime factors of 4483985.
5, 11, 81527
What are the prime factors of 4542553?
17, 191, 1399
List the prime factors of 2599783.
2599783
List the prime factors of 2606121.
3, 7, 13789
List the prime factors of 742443.
3, 13, 19037
What are the prime factors of 1284672?
2, 3, 6691
What are the prime factors of 960108?
2, 3, 19, 4211
List the prime factors of 782821.
13, 60217
What are the prime factors of 13436075?
5, 149, 3607
What are the prime factors of 3834726?
2, 3, 7, 91303
What are the prime factors of 2998689?
3, 999563
What are the prime factors of 189377?
189377
What are the prime factors of 490139?
13, 37, 1019
What are the prime factors of 2506259?
7, 17, 21061
List the prime factors of 1005136.
2, 11, 5711
What are the prime factors of 7651800?
2, 3, 5, 13, 109
List the prime factors of 151938.
2, 3, 23, 367
List the prime factors of 71382.
2, 3, 11897
List the prime factors of 218721.
3, 72907
List the prime factors of 156539.
156539
List the prime factors of 884805.
3, 5, 61, 967
What are the prime factors of 83494?
2, 109, 383
List the prime factors of 101001.
3, 131, 257
List the prime factors of 633969.
3, 7, 29, 347
List the prime factors of 160965.
3, 5, 7, 73
What are the prime factors of 696787?
7, 13, 19, 31
List the prime factors of 1008295.
5, 421, 479
What are the prime factors of 2515223?
37, 67979
What are the prime factors of 1983127?
419, 4733
List the prime factors of 87246.
2, 3, 37, 131
List the prime factors of 690063.
3, 11, 1901
What are the prime factors of 5842491?
3, 1947497
What are the prime factors of 116242?
2, 7, 19, 23
List the prime factors o